0030.
2, 5, 2003
List the prime factors of 10426.
2, 13, 401
What are the prime factors of 11222?
2, 31, 181
List the prime factors of 60829.
59, 1031
List the prime factors of 1370.
2, 5, 137
List the prime factors of 689.
13, 53
List the prime factors of 5086.
2, 2543
List the prime factors of 2814.
2, 3, 7, 67
What are the prime factors of 20692?
2, 7, 739
What are the prime factors of 33200?
2, 5, 83
List the prime factors of 1275.
3, 5, 17
List the prime factors of 1811.
1811
List the prime factors of 79640.
2, 5, 11, 181
What are the prime factors of 2416?
2, 151
List the prime factors of 2188.
2, 547
What are the prime factors of 7286?
2, 3643
List the prime factors of 14887.
14887
List the prime factors of 324.
2, 3
List the prime factors of 628.
2, 157
What are the prime factors of 6635?
5, 1327
What are the prime factors of 30513?
3, 7, 1453
What are the prime factors of 24799?
24799
List the prime factors of 687.
3, 229
What are the prime factors of 18566?
2, 9283
List the prime factors of 2748.
2, 3, 229
List the prime factors of 218.
2, 109
What are the prime factors of 4820?
2, 5, 241
List the prime factors of 6767.
67, 101
List the prime factors of 7487.
7487
List the prime factors of 30.
2, 3, 5
What are the prime factors of 10318?
2, 7, 11, 67
List the prime factors of 110.
2, 5, 11
What are the prime factors of 1518?
2, 3, 11, 23
List the prime factors of 2270.
2, 5, 227
What are the prime factors of 17893?
29, 617
What are the prime factors of 4253?
4253
List the prime factors of 3035.
5, 607
What are the prime factors of 5582?
2, 2791
What are the prime factors of 9156?
2, 3, 7, 109
List the prime factors of 50897.
7, 11, 661
What are the prime factors of 787?
787
List the prime factors of 6.
2, 3
List the prime factors of 135.
3, 5
What are the prime factors of 195?
3, 5, 13
What are the prime factors of 1796?
2, 449
List the prime factors of 99470.
2, 5, 7, 29
What are the prime factors of 5427?
3, 67
What are the prime factors of 731?
17, 43
What are the prime factors of 54503?
54503
List the prime factors of 95650.
2, 5, 1913
What are the prime factors of 18796?
2, 37, 127
List the prime factors of 59647.
7, 8521
What are the prime factors of 2123?
11, 193
What are the prime factors of 15968?
2, 499
List the prime factors of 120878.
2, 19, 3181
What are the prime factors of 204?
2, 3, 17
What are the prime factors of 1779?
3, 593
What are the prime factors of 56552?
2, 7069
What are the prime factors of 42993?
3, 17, 281
List the prime factors of 882.
2, 3, 7
List the prime factors of 231.
3, 7, 11
List the prime factors of 1319.
1319
What are the prime factors of 2469?
3, 823
List the prime factors of 1740.
2, 3, 5, 29
List the prime factors of 4546.
2, 2273
What are the prime factors of 48995?
5, 41, 239
List the prime factors of 31553.
139, 227
What are the prime factors of 428?
2, 107
List the prime factors of 56446.
2, 13, 167
List the prime factors of 33775.
5, 7, 193
List the prime factors of 14462.
2, 7, 1033
List the prime factors of 662.
2, 331
List the prime factors of 41008.
2, 11, 233
What are the prime factors of 14706?
2, 3, 19, 43
List the prime factors of 575.
5, 23
What are the prime factors of 81176?
2, 73, 139
What are the prime factors of 30906?
2, 3, 17, 101
What are the prime factors of 33753?
3, 11251
List the prime factors of 126.
2, 3, 7
List the prime factors of 10900.
2, 5, 109
List the prime factors of 7248.
2, 3, 151
What are the prime factors of 8150?
2, 5, 163
List the prime factors of 101.
101
List the prime factors of 51944.
2, 43, 151
What are the prime factors of 1070?
2, 5, 107
What are the prime factors of 4663?
4663
List the prime factors of 974.
2, 487
List the prime factors of 4121.
13, 317
What are the prime factors of 7202?
2, 13, 277
What are the prime factors of 29458?
2, 11, 13, 103
List the prime factors of 36329.
17, 2137
What are the prime factors of 250?
2, 5
List the prime factors of 35305.
5, 23, 307
List the prime factors of 41193.
3, 23, 199
List the prime factors of 3547.
3547
What are the prime factors of 3244?
2, 811
List the prime factors of 61547.
61547
List the prime factors of 1803.
3, 601
What are the prime factors of 3362?
2, 41
What are the prime factors of 33073?
33073
What are the prime factors of 171794?
2, 7, 1753
List the prime factors of 4367.
11, 397
What are the prime factors of 92?
2, 23
List the prime factors of 12375.
3, 5, 11
List the prime factors of 60315.
3, 5, 4021
List the prime factors of 35191.
13, 2707
List the prime factors of 23398.
2, 11699
List the prime factors of 18402.
2, 3, 3067
List the prime factors of 113958.
2, 3, 13, 487
What are the prime factors of 639?
3, 71
List the prime factors of 14559.
3, 23, 211
What are the prime factors of 1185?
3, 5, 79
List the prime factors of 5125.
5, 41
What are the prime factors of 51275?
5, 7, 293
What are the prime factors of 495?
3, 5, 11
What are the prime factors of 27?
3
What are the prime factors of 9088?
2, 71
What are the prime factors of 1663?
1663
List the prime factors of 9314.
2, 4657
List the prime factors of 9696.
2, 3, 101
What are the prime factors of 10869?
3, 3623
What are the prime factors of 2342?
2, 1171
List the prime factors of 62157.
3, 20719
What are the prime factors of 609?
3, 7, 29
What are the prime factors of 1696?
2, 53
List the prime factors of 820.
2, 5, 41
What are the prime factors of 1061?
1061
What are the prime factors of 5341?
7, 109
What are the prime factors of 4081?
7, 11, 53
What are the prime factors of 5441?
5441
What are the prime factors of 16039?
43, 373
List the prime factors of 2142.
2, 3, 7, 17
What are the prime factors of 12188?
2, 11, 277
What are the prime factors of 5800?
2, 5, 29
List the prime factors of 1985.
5, 397
List the prime factors of 366.
2, 3, 61
List the prime factors of 1774.
2, 887
List the prime factors of 19556.
2, 4889
List the prime factors of 1862.
2, 7, 19
List the prime factors of 9130.
2, 5, 11, 83
List the prime factors of 12952.
2, 1619
List the prime factors of 20094.
2, 3, 17, 197
List the prime factors of 3361.
3361
What are the prime factors of 17664?
2, 3, 23
What are the prime factors of 38120?
2, 5, 953
What are the prime factors of 39324?
2, 3, 29, 113
What are the prime factors of 11424?
2, 3, 7, 17
List the prime factors of 17979.
3, 13, 461
What are the prime factors of 1284?
2, 3, 107
List the prime factors of 7244.
2, 1811
List the prime factors of 26825.
5, 29, 37
What are the prime factors of 672?
2, 3, 7
List the prime factors of 8274.
2, 3, 7, 197
What are the prime factors of 3128?
2, 17, 23
What are the prime factors of 169?
13
What are the prime factors of 3106?
2, 1553
List the prime factors of 650.
2, 5, 13
List the prime factors of 1210.
2, 5, 11
What are the prime factors of 6069?
3, 7, 17
What are the prime factors of 793?
13, 61
List the prime factors of 430.
2, 5, 43
What are the prime factors of 12761?
7, 1823
What are the prime factors of 124208?
2, 7, 1109
What are the prime factors of 31340?
2, 5, 1567
What are the prime factors of 15353?
13, 1181
List the prime factors of 5269.
11, 479
List the prime factors of 1640.
2, 5, 41
List the prime factors of 2146.
2, 29, 37
List the prime factors of 363.
3, 11
List the prime factors of 2462.
2, 1231
What are the prime factors of 1375?
5, 11
List the prime factors of 51504.
2, 3, 29, 37
What are the prime factors of 53651?
13, 4127
List the prime factors of 74761.
74761
What are the prime factors of 59769?
3, 29, 229
What are the prime factors of 1097?
1097
What are the prime factors of 7197?
3, 2399
List the prime factors of 1712.
2, 107
List the prime factors of 11239.
11239
What are the prime factors of 1237?
1237
What are the prime factors of 36863?
191, 193
What are the prime factors of 25861?
11, 2351
What are the prime factors of 1599?
3, 13, 41
What are the prime factors of 657?
3, 73
What are the prime factors of 50306?
2, 25153
List the prime factors of 169988.
2, 7, 13, 467
List the prime factors of 635.
5, 127
What are the prime factors of 1647?
3, 61
What are the prime factors of 1176?
2, 3, 7
List the prime factors of 92601.
3, 10289
What are the prime factors of 20248?
2, 2531
List the prime factors of 528.
2, 3, 11
L